ive of l**4/4 + 2*l**3 + l**2 - 4*l - 19. Let v be a(-6). List the prime factors of v + 35 + (-4)/(-1).
23
Let x be 15*8/(-24)*(0 - 1). Suppose 3*z = g - 828, -4*g + x*z + 1504 = -1808. List the prime factors of g.
2, 3, 23
Let f = 39166 + 30783. List the prime factors of f.
11, 6359
Let y be (-10)/(-2) + (17 - 15). Let p(z) = 0*z + 6 + 8*z**2 + y*z - 3*z. What are the prime factors of p(-3)?
2, 3, 11
Suppose 77*b - 78*b - 5*k + 21306 = 0, -106674 = -5*b - k. What are the prime factors of b?
2, 3, 7, 127
Let w(p) = -4*p**2 + 10*p - 7. Let o be w(2). Let s(m) = 40*m**2 - 2*m + 6. What are the prime factors of s(o)?
2, 3, 31
Suppose w = -4*r - 0*r + 82, -2*w + 2*r = -184. List the prime factors of -54*(-10)/(-4)*(-162)/w.
3
Suppose -s - 2049 = -19*s + 15*s. List the prime factors of s.
683
Let d = -814 - -1307. List the prime factors of d.
17, 29
Let g = 2652 + 1825. What are the prime factors of g?
11, 37
Suppose 0 = 3*r + 3*i - 102870, -33642 = -4*r + i + 103488. List the prime factors of r.
2, 3, 2857
Suppose 4*r = -4*p - 80 - 2348, 5*r - 2*p = -3000. Let c = 985 + r. What are the prime factors of c?
383
What are the prime factors of 28942024/556 - (1/(-4) + (-100)/(-16))?
2, 3253
Suppose -4*q + 16 = 2*t - 12, -3 = -2*t + q. Suppose -c - o - 4*o = -63, o = t. Suppose -3*g = -c - 140. What are the prime factors of g?
61
Suppose 17181 = -4*b + 69573. List the prime factors of b.
2, 3, 37, 59
Suppose 0 = 2*m - 5*g + 4899, 2*m + 2*g = 3*g - 4879. Let h = 3789 + m. What are the prime factors of h?
2, 13
List the prime factors of 0 + ((-206)/5)/((-10)/(15450/3)).
2, 103
Let p(z) = 15 - z - z**2 - 20 - z**3 + 14. Let v be p(0). Suppose 3*l = -v, -4*b - 82 = 4*l - 282. List the prime factors of b.
53
Let v = 768 - 766. Suppose 3*k - 1772 = 4*n - 671, 0 = -k - v*n + 377. What are the prime factors of k?
7, 53
Let l = 35 - 40. List the prime factors of (-211225)/(-136) - l/(-40).
1553
Let d = 28216 - 4775. List the prime factors of d.
11, 2131
Suppose -3*q = -15, -4*x + 3*q - 7*q - 520 = 0. What are the prime factors of (-134565)/x - (-2)/9?
997
Suppose 0 = 3*o - 9, -5*d + d + 5*o = -33. Suppose d*h - 5489 = h. Let r = h - 350. What are the prime factors of r?
149
Suppose 0 = 16*j - 13*j - 15, -4*g = -4*j - 16. Let p be ((13 - g) + 422/(-8))*-4. List the prime factors of 56/(-10)*p/(-6).
2, 7, 13
Suppose c + 3*c = -5*g + 6150, g - 1230 = -3*c. Let k = g - 649. List the prime factors of k.
7, 83
Let r be (-6)/9*(-6)/2 + 6. Suppose -25*v + 27*v - 626 = 2*b, -r = 4*b. What are the prime factors of v?
311
Suppose 8*i + 4*q + 12380 = 10*i, 4*q + 6194 = i. List the prime factors of i.
2, 3, 1031
Let q = 101021 - 52687. List the prime factors of q.
2, 11, 13
Let c(k) = -1090*k + 1898. What are the prime factors of c(-6)?
2, 4219
Let f be 2 + 5/(25/(-6670)). Let z = -81 - f. List the prime factors of z.
3, 139
Suppose -10*t - 34969 = -124489. What are the prime factors of t?
2, 3, 373
Suppose 4*r - 4*q - 32807 - 2253 = 0, 26270 = 3*r + 2*q. What are the prime factors of r?
2, 3, 5, 73
Suppose -1165*f + 2343*f - 1158*f - 1720380 = 0. What are the prime factors of f?
3, 53, 541
Suppose 0 = 153*z - 151*z + 72. What are the prime factors of -4*(-4)/96 - 14034/z?
2, 3, 5, 13
Suppose -21*y + 8639 = -2*y - 12128. What are the prime factors of y?
1093
Suppose 15*h = -0*h - 135. Let y(k) = 9*k**2 + 24*k - 30. What are the prime factors of y(h)?
3, 7, 23
Let m(p) = 54*p**2 - 131*p + 1136. List the prime factors of m(9).
61, 71
Let l(b) = 8*b + 180. Let z be l(-22). Suppose 93 = a - 3*q, -3*q + z + 5 = 0. What are the prime factors of a?
2, 3, 17
Let x = 39 - 35. Suppose -q + 1013 = -4*y - 2*q, x*q = 2*y + 484. Let u = y - -357. What are the prime factors of u?
3, 5, 7
Let o(a) = -a**3 - 6*a**2 + 5*a + 26. Let f be o(-6). List the prime factors of f + 526*6/12.
7, 37
Let t(d) = -d**2 + 4*d - 1. Let n be t(6). Let u = n + 19. Suppose 406 = 5*j + 2*h, 5*h = 3*h + u. List the prime factors of j.
2, 5
Let t be (-1)/(-6) + 345/(-18) + -2. Let r(b) = -77*b - 15. Let s be r(t). Suppose 0 = -q + 10*q - s. List the prime factors of q.
2, 89
Let m(r) = 2*r**3 + 11*r**2 - 8*r + 10. Let g be m(-9). Let l be 5 + 21/(-6) - g/2. Let o = l + -60. What are the prime factors of o?
2, 23
Let a = -368 + 442. Let r = 515 - a. List the prime factors of r.
3, 7
List the prime factors of 10856 - (-6 - -5)*1.
3, 7, 11, 47
Suppose 3*n - 99 = 828. Let v = 655 - n. List the prime factors of v.
2, 173
Let l be (-3 - -4)/(((-8)/140)/(-2)). What are the prime factors of 7/l - 2818/(-10)?
2, 3, 47
What are the prime factors of 2*72309/(-30)*-5?
24103
Let a(d) = 91*d - 208. Let y be a(20). Let g = y - 257. List the prime factors of g.
5, 271
Let t be -6*(-2)/8*96/72. Let z(x) be the first derivative of 13*x**2 - 6*x - 1. What are the prime factors of z(t)?
2, 23
List the prime factors of (19863/15)/(0 - 0 - 12/(-120)).
2, 3, 2207
Let b = 68 - 45. List the prime factors of ((-3)/(3/b))/((-16)/128).
2, 23
Let i = -2162 + 5734. Let d = i - 7564. List the prime factors of d/(-20) + 4/10.
2, 5
Let b = -1421 + 1174. Let x = -399 - -262. Let z = x - b. What are the prime factors of z?
2, 5, 11
Suppose -17*p = -17982 - 12210. What are the prime factors of p?
2, 3, 37
Let o(l) = 9*l**2 + 3*l - 19. Let g(r) = -4*r**2 - 17*r + 2. Let z be g(-4). List the prime factors of o(z).
17, 19
Suppose -2*u - 17076 = -2*i, -152*i + 3*u = -154*i + 17101. What are the prime factors of i?
8543
Let f(d) = -d**2 - 6*d - 20. Let i be f(-18). Let c = i + 399. Let h = -73 + c. What are the prime factors of h?
2, 3, 5
Let x be 1*(-2)/8*-8. Suppose x*m + 13*i - 12*i = 448, -3*m = -i - 682. What are the prime factors of m?
2, 113
Let w = -1426 + 866. Let n = w - -1265. What are the prime factors of n?
3, 5, 47
Suppose 4*n + 808 - 9136 = 0. Let m = 3157 - n. List the prime factors of m.
5, 43
Let i = 422 + -424. List the prime factors of 3/39*i - 9024/(-13).
2, 347
Let w(o) = o**3 - 9*o**2 - 4*o - 24. Let n be w(10). Let k = -32 + n. Suppose 0 = -k*a - 12, -5*a + 70 = b - 0*b. What are the prime factors of b?
5, 17
Let m(q) = 226*q**3 + 2*q**2 - 12*q + 69. List the prime factors of m(4).
3, 1613
Let j be (-6 - -1) + 3 + 5. Suppose d - j*o + 535 = 0, -110 = 2*d - 4*o + 954. Let w = -255 - d. What are the prime factors of w?
271
Let c(g) = -10*g + 3. Suppose 0 = 4*r + 4, 4*f + 4 - 5 = -3*r. Let z be c(f). What are the prime factors of 13320/126 + (-2)/z?
2, 53
List the prime factors of (-1*(-10)/2 - -3) + 1435.
3, 13, 37
Let q = -72 - -76. Suppose 0 = 5*n + 2*j + q - 3, -5*n + j - 7 = 0. Let f(g) = -157*g**3 - g**2. List the prime factors of f(n).
2, 3, 13
Suppose -38*l - 10438 = 43826. Let x = -836 - l. List the prime factors of x.
2, 37
Let g = 1948 + 2113. What are the prime factors of g?
31, 131
Suppose -6*i - 333 = 31*i. List the prime factors of (-20254)/(-91) - i/21.
223
Suppose -3*a - 5*a = -2*a. Suppose 1442 = 4*i - 2*l, a = -i + 3*i - 5*l - 741. What are the prime factors of i?
2, 179
Let r(u) = 7*u**3 - 17*u**2 + 20*u - 380. What are the prime factors of r(12)?
2, 2377
Let i = 22000 - -3100. List the prime factors of i.
2, 5, 251
Let m = 942 + -894. Suppose 0 = -m*n - 7508 + 66308. List the prime factors of n.
5, 7
Let s be (2 - 1) + (7 - (-4)/(-2)). Let i be 16 - (1 + 1 - 0). Suppose 0 = -4*v - 4*a + 1056, -4*a + s = -i. List the prime factors of v.
7, 37
Let i be (23/(-2))/(5/10). Let k = i - -28. Suppose -d - 5*v + 113 = -v, 3*d = k*v + 339. What are the prime factors of d?
113
Let y = 17954 + -12884. What are the prime factors of y?
2, 3, 5, 13
Let j = -54 - -56. Suppose -j*x - 2004 = -8*x. List the prime factors of x.
2, 167
Suppose 0 = -5*i - 0*u + 3*u + 5023, 4*u - 2030 = -2*i. Suppose 6*z - i = 1309. List the prime factors of z.
2, 193
Suppose u - 10 = -4*c, 0 = 4*c + c - 3*u - 21. Suppose 163 = 5*h - j - 2051, -3*j - 1326 = -c*h. What are the prime factors of h?
443
Let a(b) = -b**3. Let r be a(-2). Suppose p = -0*p - 5*h + 247, 4*h - r = 0. Let k = p + -130. What are the prime factors of k?
107
Let b(p) = -p**3 - 7*p**2 - p + 2. Let u be b(-7). Let l(g) = g**3 - 9*g**2 - 7. Let n be l(u). Let k = n - -58. List the prime factors of k.
3, 17
Let i(z) = 324*z + 885. List the prime factors of i(103).
3, 19, 601
Suppo